59
List the prime factors of 41738371.
41738371
List the prime factors of 5817982.
2, 41, 70951
What are the prime factors of 31215634?
2, 293, 53269
What are the prime factors of 28033715?
5, 2053, 2731
List the prime factors of 63910761.
3, 21303587
List the prime factors of 95262603.
3, 31754201
List the prime factors of 1021903650.
2, 3, 5, 2270897
What are the prime factors of 29100215?
5, 83, 70121
List the prime factors of 101832782.
2, 50916391
What are the prime factors of 41698977?
3, 17, 19, 23, 1871
What are the prime factors of 2804277791?
7, 233, 35089
What are the prime factors of 1566660?
2, 3, 5, 26111
List the prime factors of 228752513.
11, 179, 116177
What are the prime factors of 133095331?
9803, 13577
List the prime factors of 79515161.
11, 7228651
What are the prime factors of 882460853?
13187, 66919
List the prime factors of 58143479.
107, 523, 1039
List the prime factors of 459048709.
7, 9368341
What are the prime factors of 55946120?
2, 5, 23, 60811
List the prime factors of 379290109.
11, 257, 12197
List the prime factors of 2052257275.
5, 82090291
What are the prime factors of 1341303592?
2, 29, 463, 12487
List the prime factors of 24394813.
17, 199, 7211
List the prime factors of 443196968.
2, 3187, 17383
List the prime factors of 3797543272.
2, 29, 79, 207199
List the prime factors of 536522691.
3, 178840897
What are the prime factors of 3212622322?
2, 7, 13, 41, 263, 1637
List the prime factors of 48962545.
5, 9792509
List the prime factors of 47803409.
47803409
What are the prime factors of 1688519275?
5, 67540771
List the prime factors of 20091975.
3, 5, 267893
What are the prime factors of 87138963?
3, 3227369
List the prime factors of 136997472.
2, 3, 607, 2351
What are the prime factors of 655628410?
2, 5, 151, 434191
What are the prime factors of 13130424?
2, 3, 23, 881
What are the prime factors of 174272244?
2, 3, 14522687
List the prime factors of 329468757.
3, 37, 233, 12739
What are the prime factors of 86165241?
3, 47, 611101
List the prime factors of 22383620.
2, 5, 7, 101, 1583
List the prime factors of 321411211.
11, 113, 2137
List the prime factors of 63149873.
63149873
What are the prime factors of 48310643?
48310643
What are the prime factors of 998834790?
2, 3, 5, 33294493
What are the prime factors of 430834535?
5, 113, 762539
List the prime factors of 336653779.
7, 11, 29, 107, 1409
List the prime factors of 44302280.
2, 5, 11, 107, 941
What are the prime factors of 72586506?
2, 3, 12097751
What are the prime factors of 25023744?
2, 3, 10861
List the prime factors of 93848558.
2, 46924279
List the prime factors of 920048296.
2, 17, 43, 157327
List the prime factors of 304118767.
5039, 60353
What are the prime factors of 145284680?
2, 5, 307, 11831
What are the prime factors of 6816329557?
6816329557
What are the prime factors of 8067502?
2, 31, 130121
What are the prime factors of 38356603?
38356603
What are the prime factors of 3130291481?
17, 2069, 88997
List the prime factors of 1446414801.
3, 13, 47, 789097
What are the prime factors of 10859979?
3, 13, 23, 12107
List the prime factors of 49304259.
3, 19, 373, 773
What are the prime factors of 710962593?
3, 11, 17, 563, 2251
What are the prime factors of 211083360?
2, 3, 5, 157, 2801
What are the prime factors of 119408968?
2, 7, 2132303
What are the prime factors of 812582852?
2, 203145713
List the prime factors of 3281111664.
2, 3, 68356493
What are the prime factors of 25457041?
17, 29, 51637
What are the prime factors of 12154229?
79, 137, 1123
What are the prime factors of 102377459?
61, 1678319
What are the prime factors of 329404817?
7, 719, 65449
List the prime factors of 67056586.
2, 19, 353, 4999
List the prime factors of 361894656.
2, 3, 471217
List the prime factors of 3127046127.
3, 1042348709
List the prime factors of 537097626.
2, 3, 13, 17, 135017
List the prime factors of 7028501249.
7, 11, 13039891
List the prime factors of 241863041.
7, 1423, 24281
List the prime factors of 99467398.
2, 383, 129853
List the prime factors of 565533636.
2, 3, 2389, 19727
List the prime factors of 1321249913.
33359, 39607
What are the prime factors of 97826753?
89, 1099177
What are the prime factors of 445920442?
2, 11, 191, 106121
What are the prime factors of 2772283131?
3, 102677153
List the prime factors of 3910376416.
2, 122199263
What are the prime factors of 7625774?
2, 13, 37, 7927
What are the prime factors of 956340423?
3, 17, 6250591
List the prime factors of 13142300.
2, 5, 19, 6917
What are the prime factors of 104487355?
5, 7, 17, 25087
What are the prime factors of 228867803?
181, 1039, 1217
List the prime factors of 753135886.
2, 31, 12147353
List the prime factors of 2592643748.
2, 648160937
List the prime factors of 22394275.
5, 895771
List the prime factors of 386495761.
89, 4342649
What are the prime factors of 4536322488?
2, 3, 21001493
What are the prime factors of 213803145?
3, 5, 527909
List the prime factors of 298509272.
2, 23, 1622333
What are the prime factors of 805664303?
3121, 258143
What are the prime factors of 56484246?
2, 3, 7, 13, 103451
What are the prime factors of 232912332?
2, 3, 1201, 5387
What are the prime factors of 7976576956?
2, 53, 37625363
List the prime factors of 83578603.
79, 1057957
List the prime factors of 1581266.
2, 790633
List the prime factors of 1908413285.
5, 17, 22451921
List the prime factors of 226991421.
3, 53, 467, 1019
What are the prime factors of 48409717?
71, 181, 3767
What are the prime factors of 496584763?
73, 997, 6823
What are the prime factors of 93963162?
2, 3, 15660527
List the prime factors of 69275227.
7, 47, 193, 1091
List the prime factors of 5347911301.
41, 293, 337, 1321
What are the prime factors of 5898471?
3, 281, 6997
What are the prime factors of 56527826?
2, 1033, 27361
What are the prime factors of 4572456788?
2, 61, 3023, 6199
What are the prime factors of 159162236?
2, 109, 223, 1637
What are the prime factors of 337823530?
2, 5, 11, 89, 3137
List the prime factors of 116178834.
2, 3, 19363139
What are the prime factors of 18191009?
101, 233, 773
List the prime factors of 733634820.
2, 3, 5, 191, 2371
List the prime factors of 934314263.
53, 67, 107, 2459
What are the prime factors of 51773689?
11, 19, 31, 61, 131
What are the prime factors of 672396157?
89, 7555013
What are the prime factors of 3064825211?
7, 73, 113, 53077
List the prime factors of 117082818.
2, 3, 1697, 3833
List the prime factors of 107638354.
2, 73, 163, 4523
What are the prime factors of 51170239?
23, 29, 76717
What are the prime factors of 23868355?
5, 7, 41, 16633
List the prime factors of 22215615.
3, 5, 1481041
What are the prime factors of 49187566?
2, 24593783
List the prime factors of 101944684.
2, 59, 487, 887
What are the prime factors of 1562621275?
5, 19, 109, 30181
List the prime factors of 103900706.
2, 7, 13, 23, 24821
What are the prime factors of 15428702?
2, 617, 12503
List the prime factors of 113839721.
113839721
List the prime factors of 812536187.
149, 239, 22817
List the prime factors of 223217869.
7, 4129, 7723
List the prime factors of 32474584.
2, 53, 191, 401
What are the prime factors of 58254551?
19, 43, 113, 631
What are the prime factors of 84250476?
2, 3, 641, 1217
What are the prime factors of 55169180?
2, 5, 11, 23, 10903
List the prime factors of 37462616.
2, 163, 28729
What are the prime factors of 108059372?
2, 1237, 21839
List the prime factors of 15343911.
3, 11, 17, 1013
What are the prime factors of 34066973?
37, 920729
What are the prime factors of 536547936?
2, 3, 419, 13339
List the prime factors of 372820277.
43, 8670239
List the prime factors of 23088177.
3, 7, 366479
List the prime factors of 376419580.
2, 5, 107, 175897
List the prime factors of 31530240.
2, 3, 5, 7, 17, 23
List the prime factors of 23574671.
23574671
List the prime factors of 44156843.
44156843
What are the prime factors of 138564675?
3, 5, 7603
What are the prime factors of 510496363?
13, 37, 1061323
What are the prime factors of 66361865?
5, 883, 15031
What are the prime factors of 161527849?
7, 23075407
What are the prime factors of 275567511?
3, 53, 1733129
What are the prime factors of 1492055907?
3, 6199, 80231
List the prime factors of 6392501356.
2, 